hat is -65ac - -5?
-65a7
In base 12, what is 3b - -bb52?
bb91
In base 9, what is -4 - -531167?
531163
In base 5, what is -323 - -203211?
202333
In base 10, what is 1 - -52703?
52704
In base 16, what is 3 - -18dc?
18df
In base 10, what is 31 - 15054?
-15023
In base 9, what is -54476 + 4?
-54472
In base 9, what is -613242 + 3?
-613238
In base 4, what is 10 - -1012311?
1012321
In base 10, what is 95046 - 3?
95043
In base 9, what is 25 + -2738?
-2713
In base 10, what is 6 - -76724?
76730
In base 8, what is 2 - 24334?
-24332
In base 9, what is 43081 + -4?
43076
In base 10, what is 32 + -932?
-900
In base 5, what is -2242 - 0?
-2242
In base 14, what is -50d29 - 3?
-50d2c
In base 2, what is 11111010111001 - -101010?
11111011100011
In base 4, what is 21 - -120222?
120303
In base 8, what is -306265 - 13?
-306300
In base 9, what is -6 + 1630406?
1630400
In base 6, what is -2000 - -10055?
4055
In base 15, what is 221b46 - -4?
221b4a
In base 13, what is 44c - 26a?
1b2
In base 12, what is 10361 - 3?
1035a
In base 3, what is 0 + 100211020?
100211020
In base 2, what is -101000100 - -11001101011?
10100100111
In base 13, what is -9 - 397c2?
-397cb
In base 13, what is 7 - 14209?
-14202
In base 8, what is -6440 + -261?
-6721
In base 13, what is 2a0 + -6a3?
-403
In base 13, what is 3b958 - b?
3b94a
In base 4, what is -312 + -12033?
-13011
In base 5, what is -3 - 2212322?
-2212330
In base 15, what is -91631 - 5?
-91636
In base 14, what is -24 + 28?
4
In base 12, what is -18b - 70?
-23b
In base 14, what is c - 11581?
-11573
In base 10, what is -1312 + 66?
-1246
In base 14, what is -5 + -1c31c?
-1c323
In base 2, what is 101100100111000 - 11010?
101100100011110
In base 8, what is -47 + -13055?
-13124
In base 14, what is -b12 + -2?
-b14
In base 13, what is 1 - -2508?
2509
In base 13, what is -11 - -22c07?
22bc6
In base 7, what is 1056146 - 2?
1056144
In base 7, what is -1 + 14052?
14051
In base 10, what is 0 + 797668?
797668
In base 12, what is 3b3 - 6?
3a9
In base 4, what is 120 + -13032133?
-13032013
In base 11, what is 4a + 7013a?
70189
In base 4, what is -12103311 - 0?
-12103311
In base 11, what is -994 + 5?
-98a
In base 15, what is -d + 5128?
511a
In base 9, what is -2 + 306741?
306738
In base 11, what is -1669 + 74?
-15a5
In base 8, what is -1361 - 311?
-1672
In base 11, what is -49 - -296a?
2921
In base 16, what is -4bf + -aca?
-f89
In base 14, what is 11 - 959?
-948
In base 8, what is -226 + 4213?
3765
In base 10, what is 919 + -21?
898
In base 9, what is 2 + -1413053?
-1413051
In base 15, what is 2 + -bc4?
-bc2
In base 15, what is 3 + 530a?
530d
In base 8, what is 4041 + -1366?
2453
In base 11, what is -105 - 12a67?
-13071
In base 15, what is -2999b + 2?
-29999
In base 16, what is -3526 + 2f?
-34f7
In base 9, what is 16483 - -4?
16487
In base 10, what is 20473 - 32?
20441
In base 4, what is -102 - -20012?
13310
In base 4, what is -13 - -1201300?
1201221
In base 15, what is -4 - 2b3a?
-2b3e
In base 16, what is -9d - -18?
-85
In base 15, what is 3a + -32c9?
-328e
In base 9, what is 18 - -2477?
2506
In base 12, what is -246098 + 1?
-246097
In base 3, what is -22 + 222221220200?
222221220101
In base 10, what is 487987 - 1?
487986
In base 15, what is -4 + -769a3?
-769a7
In base 15, what is -6 + -a788?
-a78e
In base 4, what is 11 - 12302002?
-12301331
In base 11, what is -32164 + -2?
-32166
In base 5, what is -1114 + 1233?
114
In base 15, what is 4e + 37c?
3cb
In base 5, what is 3 - -1121412?
1121420
In base 9, what is -4726 - -143?
-4573
In base 10, what is -297001 - 0?
-297001
In base 16, what is 235c0 - -20?
235e0
In base 16, what is 40 + -eef?
-eaf
In base 15, what is 23c97 + -5?
23c92
In base 3, what is -10101201 - 21122?
-10200100
In base 8, what is -1 - -4261?
4260
In base 15, what is -c + -115a?
-1167
In base 8, what is 66 + 50337?
50425
In base 6, what is 204 + -210?
-2
In base 12, what is -32 - -8966?
8934
In base 13, what is -634 + -12c9?
-1930
In base 16, what is -121 + -c4c?
-d6d
In base 2, what is 1010010011 - -111000000?
10001010011
In base 14, what is 18 - -439?
453
In base 8, what is -1723 - -2?
-1721
In base 5, what is -10 + -1110420?
-1110430
In base 6, what is -25 - -41?
12
In base 2, what is 111000100111011 - -10?
111000100111101
In base 12, what is -726 + -6?
-730
In base 6, what is 2122 - -20?
2142
In base 4, what is -113002320 + 10?
-113002310
In base 5, what is -21 - -41?
20
In base 9, what is 316021 + 2?
316023
In base 2, what is -1110101111000 - -101?
-1110101110011
In base 7, what is -16 - 1015?
-1034
In base 3, what is -12021121110 + -12?
-12021121122
In base 16, what is 10 + -176?
-166
In base 9, what is -8137 + 28?
-8108
In base 2, what is 11000011100 + -100000?
10111111100
In base 6, what is 4403 + 42?
4445
In base 16, what is -60a4 - -11?
-6093
In base 12, what is -b8 - -4a?
-6a
In base 16, what is 25 - 9ae?
-989
In base 12, what is -2 - -4b6?
4b4
In base 5, what is 1223 - 2303?
-1030
In base 6, what is -15215 + -43?
-15302
In base 14, what is -4aa + 101?
-3a9
In base 13, what is a00c + 123?
a132
In base 3, what is 21201 - -1102110?
1201011
In base 6, what is -21 - 5141224?
-5141245
In base 7, what is -1006 - 242?
-1251
In base 2, what is 10010101011111 + 11?
10010101100010
In base 5, what is -103000 - 41?
-103041
In base 14, what is 95b - 16?
945
In base 8, what is 22 - 56116?
-56074
In base 14, what is -c54 - 886?
-16da
In base 7, what is -121 - 601063?
-601214
In base 15, what is -e5350 - 1?
-e5351
In base 8, what is -561745 - -3?
-561742
In base 10, what is -5 + -43074?
-43079
In base 13, what is -284c5 + 2?
-284c3
In base 7, what is 154 - 4466?
-4312
In base 2, what is -11110011 - 100001000101?
-100100111000
In base 7, what is 1 - -106125?
106126
In base 6, what is -1304452 + 4?
-1304444
In base 15, what is -861b87 + -4?
-861b8b
In base 7, what is -16024500 + 5?
-16024462
In base 16, what is -19c6cb - 2?
-19c6cd
In base 11, what is 64 - -2354?
2408
In base 8, what is 440 + 411?
1051
In base 9, what is -7 - -1354?
1346
In base 13, what is -5 - 427?
-42c
In base 11, what is 580 - 116?
465
In base 10, what is -1595 + -5162?
-6757
In base 7, what is -1 - 6564203?
-6564204
In base 8, what is -2 + -22513?
-22515
In base 2, what is 11000110110010111 + -1?
11000110110010110
In base 9, what is 0 - 52651?
-52651
In base 8, what is 1 + -706561?
-706560
In base 5, what is -2004 - -41?
-1413
In base 7, what is -4 - -2405350?
2405343
In base 4, what is 1100333 + -113?
1100220
In base 10, what is -6144 - -8?
-6136
In base 3, what is -120211110 - 2?
-120211112
In base 9, what is 180278 + 1?
180280
In base 8, what is -211 - -621?
410
In base 5, what is -11 - 1433?
-1444
In base 7, what is 2104 + 34?
2141
In base 8, what is -5 + -54201?
-54206
In base 2, what is -10000010011 + 111001110?
-1001000101
In base 4, what is 332000031 + -3?
332000022
In base 5, what is 1 + 11001120?
11001121
In base 12, what is 3 + 13636?
13639
In base 7, what is -14 + -3242462?
-3242506
In base 9, what is 7234315 - 2?
7234313
In base 10, what is 2591 + -214?
2377
In base 5, what is 10101 + -142?
4404
In base 2, what is -100 - 10010001000000110?
-10010001000001010
In base 2, what is -110000 - 10011000011?
-10011110011
In base 5, what is 124004 - 130?
123324
In base 13, what is 183c8 - 6?
183c2
In base 13, what is -121c35 - 2?
-121c37
In base 4, what is -12 - 1103313?
-1103331
In base 11, what is -3125 - 2?
-3127
In base 10, what is -30 + -1303?
-1333
In base 3, what is 112101112021 - -12?
112101112110
In base 13, what is -29c + 3c?
-260
In base 16, what is 81 - 3c9?
-348
In base 5, what is 1033433 + -34?
1033344
In base 14, what is 959 - -24?
97d
In base 14, what is -158b + -7?
-1594
In base 9, what is -258485 - -5?
-258480
In base 16, what is 879ee - 4?
879ea
In base 12, what is 1765ba4 - 2?
1765ba2
In base 12, what is -26 + 5355?
532b
In base 5, what is 13043 - -23?
13121
In base 8, what is 50 - 117632?
-117562
In base 14, what is -1 - -dccc?
dccb
In base 12, what is -3799b8 - -2?
-3799b6
In base 6, what is -4503 - 24?
-4531
In base 7, what is -3110435 + -2?
-3110440
In base 6, what is 34 + 3440105?
3440143
In base 16, what is 8 - -3f524?
3f52c
In base 9, what is -71 - 3236?
-3317
In base 8, what is -2305 + -24?
-2331
In base 5, what is 10 - -11334232?
11334242
